 = q - -18. What are the prime factors of h?
2, 5
Let y be 4*15/24*2. Suppose y*i - 90 = -0*i. Let m = 37 - i. What are the prime factors of m?
19
Let m be 24 + 1/(-2)*6. Let x(u) = -u**2 + 24*u - 26. List the prime factors of x(m).
37
Let w be (-74)/(-3) - 12/(-36). Suppose -3*k - 4 + w = 0. List the prime factors of k.
7
Suppose 2*p = -3*p + 690. Suppose 2*u - 3*u - 3 = -3*o, o + 13 = 5*u. Suppose -3*k + 115 = -o*x, -p = -3*k + 4*x - 13. What are the prime factors of k?
5, 7
Let a(d) be the first derivative of -29*d**2/2 - 19*d - 10. What are the prime factors of a(-6)?
5, 31
Let w = 31 + -36. Let q = 144 + w. List the prime factors of q.
139
Suppose -4*w - 205 = -5*u + 15, 5*u - 220 = w. Let j(k) = -24*k + 3. Let z be j(-4). Let c = z - u. List the prime factors of c.
5, 11
Suppose 10*w - 7*w = 15. Suppose -2*l - 11 = -3*m, -w*m + 31 = l + 2*l. Suppose -q - 114 = -5*n + q, -m*n = 3*q - 104. List the prime factors of n.
2, 11
Let l(j) = -j**3 + 7*j**2 + 10*j + 2. Let a be 28/7 + 1*-4. Suppose a = 2*f + 11 - 25. List the prime factors of l(f).
2, 3
Let d be (-1369)/(-5) - 2 - 1/(-5). Suppose 0 = -5*z + 2*m + 645, z + z - d = -2*m. What are the prime factors of z?
131
Suppose 0 = -23*i - 521 + 5995. List the prime factors of i.
2, 7, 17
Suppose -2200 = -32*c + 10*c. Suppose 0 = -2*b + 4*p + 122, 5*p + 2 = 12. Let o = c - b. What are the prime factors of o?
5, 7
Let b(t) = 10*t**2 - 6*t + 7. Suppose -3*j - 6 = -2*q - j, -2*j = 0. List the prime factors of b(q).
79
Suppose -31 = 3*y + 32. Suppose 0 = -77*l + 85*l - 216. Let a = l - y. List the prime factors of a.
2, 3
Suppose -121 + 1313 = 2*s. List the prime factors of s.
2, 149
Let q = 41 - 29. Suppose q = 2*y + y. List the prime factors of ((-4)/(-5))/(y/190).
2, 19
What are the prime factors of 266 - (-1 - -1) - (4 + -8)?
2, 3, 5
What are the prime factors of (-7)/14 - ((-20478)/12 - -4)?
2, 23, 37
Suppose -11*o + 394 + 299 = 0. What are the prime factors of o?
3, 7
List the prime factors of (-7 - (-10 - 4)) + 2501.
2, 3, 11, 19
Suppose 0 = -13*d - 2597 - 2421. What are the prime factors of (3/(-3))/(1 - d/(-384))?
2, 3
Let i = 18 + -14. Suppose -4*f - 16 = 0, -3*w + i*f + 280 = w. What are the prime factors of w?
2, 3, 11
Let x = 1555 - 1085. What are the prime factors of x?
2, 5, 47
Suppose 823*f - 518 = 821*f. List the prime factors of f.
7, 37
Let c(o) = -22*o - 43. List the prime factors of c(-30).
617
Suppose -22893 - 66812 = -77*s. List the prime factors of s.
5, 233
Let g(v) = -13*v - 47. Let d be g(-5). Suppose y - 148 = 4*r, 4*y - d = r + 559. What are the prime factors of y?
2, 3
Let p be 2/(29/14 - 2). Let v = p + -24. Suppose -60 = 3*s - v*s. List the prime factors of s.
2, 3, 5
Let i(l) = l**3 - 11*l**2 - 3. Let b be i(11). Let q be ((-6)/9)/(b/36). Let r = 11 - q. What are the prime factors of r?
3
Let a(n) = 2 - 64*n**3 - 4*n**2 + n + 2*n**2 - 19*n**3. What are the prime factors of a(-1)?
2, 41
Let z(c) = 21*c**2 + 2*c + 2. Let u be z(-2). Let q = u - 79. List the prime factors of q.
3
Let k be ((-43)/(-3))/(18/54). Suppose o = -0 + k. List the prime factors of o.
43
Let f(k) be the third derivative of -k**6/120 - k**5/10 - k**4/24 + k**3/2 - 13*k**2. List the prime factors of f(-6).
3
Suppose -7*y - 240 = 201. List the prime factors of (-11)/11 - (y + -1).
3, 7
Suppose -6*a + a = -20. Suppose -12 - 4 = a*c. What are the prime factors of 28/(-6)*30/c?
5, 7
Let j = -39 + 61. Let p be j/33*(-30)/(-2). Suppose 3*r + 14 = p*r. List the prime factors of r.
2
List the prime factors of 3*1*(13760/30 - 12).
2, 5, 67
Let i(u) = -94*u + 16. List the prime factors of i(-2).
2, 3, 17
Suppose 0 = -3*w + 2*j + 94, w - j = -2*w + 95. Let b be w*(30/8)/5. List the prime factors of 1120/b - (-1)/3.
47
Suppose 25*o = 20*o. Suppose o = 11*x + 3*x - 2856. List the prime factors of x.
2, 3, 17
What are the prime factors of 849*3/2*54/81?
3, 283
Let b be 5/((-20)/(-16)) - 3. Suppose 3*m + h + 1 = 0, 0 = -3*m - 0*h + h + b. Let c = 28 - m. What are the prime factors of c?
2, 7
Let j be -3 + (-9*4)/2. Let i = j + 77. Suppose 10*z - 3*z - i = 0. What are the prime factors of z?
2
Suppose 3*s = -3*d + 1785, 3*s - 1750 = -17*d + 21*d. List the prime factors of s.
2, 5, 59
Suppose 0 = -b + 4*n - 2 + 8, -3*b = -3*n - 9. Let y(d) = -2*d + 2. Let a be y(b). List the prime factors of -2 - (a - 7 - 3).
2, 5
Let b = 4080 + 543. What are the prime factors of b?
3, 23, 67
Let c = 8138 - 1483. List the prime factors of c.
5, 11
Suppose -3*x - 51 = -4*q + 260, 5*q = -3*x + 355. Let m = 148 - q. What are the prime factors of m?
2, 37
Let z(f) = -f**3 - 8*f**2 - f + 56. List the prime factors of z(-7).
2, 7
Let k(p) = -10*p + 17. Let l(i) = -9*i + 17. Let z(d) = -6*k(d) + 5*l(d). What are the prime factors of z(7)?
2, 11
Let j = 7862 + -5348. List the prime factors of j.
2, 3, 419
Suppose 16*m = 7161 + 1447. What are the prime factors of m?
2, 269
What are the prime factors of -4 + 10/((-10)/(-27))?
23
Let j(y) = 5*y**2 + 5*y + 9. Let n be j(-4). Suppose -6*t = -n - 39. Suppose 7*l - 8*l = -t. What are the prime factors of l?
2, 3
List the prime factors of (-18)/(1 - 4) - (-10830)/6.
1811
Suppose -4*t + 3*h - 4700 = -16700, 0 = 2*t + h - 5990. List the prime factors of t.
3, 37
Let c = 2023 + -882. What are the prime factors of c?
7, 163
Suppose 0 = 8*b - b + 14. Let a(o) = -67*o - 11. What are the prime factors of a(b)?
3, 41
Suppose -5*i - 21 = -2*y, -5*i = -4*y + 43 + 14. Let j = -6 - -3. Let l = y + j. What are the prime factors of l?
3, 5
Let k(t) = 9*t - 1. Let f(x) = 9*x. Let b(m) = -5*f(m) + 4*k(m). What are the prime factors of b(-5)?
41
Let v(a) be the third derivative of -a**6/120 - a**5/12 + a**4/12 - a**3 - 2*a**2. Let f be 4/(-10) + (-112)/20. What are the prime factors of v(f)?
2, 3
What are the prime factors of 4 - 135/36 - 2939/(-4)?
3, 5, 7
Suppose 4*j - 115 = 3*x, -89 - 24 = -4*j + x. Suppose -5*n + 22 = q - 10, 2*q + n = j. List the prime factors of q.
2, 3
Let p = -151 - -85. Let a = p - -144. List the prime factors of a.
2, 3, 13
Suppose 4*v = -0*l - l - 6, 3*v = -4*l + 2. Suppose -3*m + 63 = l*w, -m + 1 + 0 = 0. List the prime factors of (-12)/w + 94/10.
3
Suppose -3882 = -3*s + 4*a, 2*s - a + 1315 = 3898. What are the prime factors of s?
2, 3, 5, 43
Let h(f) = 538*f - 490. List the prime factors of h(5).
2, 5, 11
Let h(c) = -c**2. Let z(x) = -x**3 - 11*x**2 + 17*x + 17. Let t(y) = -2*h(y) - z(y). Let n be t(-14). Let a = 44 - n. List the prime factors of a.
19
Let a = -177 - -275. Suppose -a = -8*q + 6*q. What are the prime factors of q?
7
Let z be (-2 - 0) + 498/2. Let t = -58 + z. List the prime factors of t.
3, 7
Suppose -2*l - 116 = -3*l + 2*m, -4*l = m - 446. Suppose 4*h - 404 = -5*b, h + 4*b = -0*b + l. What are the prime factors of h?
2, 3
Let n be 9/(-6) - -1*(-42)/4. Let t(b) = -b**3 - 12*b**2 - b + 11. List the prime factors of t(n).
23
List the prime factors of (6/3)/((-3)/(-1464)).
2, 61
Let j(a) = -2*a**2 - 5*a + 9. Let y be j(-7). List the prime factors of (y/(-4))/((-9)/(-12)).
2, 3
Suppose a - 3*b - 1071 = 788, 0 = -3*b - 6. What are the prime factors of a?
17, 109
Let t be (-5)/(25/15) - -232. Suppose -5*o - 53 = 2*h - t, 3*o + 88 = h. List the prime factors of h.
2, 11
Let r(j) = 77*j**2 + 3*j + 2. Let t be r(-2). Suppose -2*n - t = -6*n + 4*i, n - 61 = -2*i. What are the prime factors of n?
71
Let g = 0 - -2. What are the prime factors of 92/10 + g*(-3)/30?
3
Suppose 0 = -s + 6*s - 25, 2*u - 4*s = 10. Suppose -75 = -u*m + 600. What are the prime factors of m?
3, 5
Let y = -29 + 37. What are the prime factors of y/10 + 7656/55?
2, 5, 7
Let h(u) = -9*u**2 + 13*u - 9. Let p(a) = -a**2 + a. Let v(n) = -h(n) + 6*p(n). Suppose m + 3*w = 13, 4*m - 2*w + 0 = 10. What are the prime factors of v(m)?
29
Suppose -2*z - 1 = -5. Suppose o = -o + z. Suppose -3*i + o = -23. What are the prime factors of i?
2
Let j(o) be the third derivative of 0 + 1/24*o**4 - 1/6*o**3 + 0*o + 1/2*o**5 + 7*o**2. List the prime factors of j(1).
2, 3, 5
Suppose 3*x = -2*l + 2554, -34*l = -29*l - 5*x - 6360. List the prime factors of l.
2, 7, 13
Let k(u) be the first derivative of 7*u**5/120 - 5*u**4/8 - u**3 + 3. Let x(p) be the third derivative of k(p). What are the prime factors of x(9)?
2, 3
Let y = 